highest common divisor of 620 and 20?
20
What is the highest common factor of 48 and 832?
16
What is the greatest common factor of 34 and 153?
17
What is the highest common divisor of 72 and 584?
8
Calculate the greatest common factor of 7325 and 293.
293
Calculate the highest common factor of 651 and 2821.
217
Calculate the highest common divisor of 114 and 9519.
57
What is the highest common divisor of 77 and 2497?
11
What is the highest common factor of 12 and 150?
6
Calculate the highest common divisor of 912 and 41268.
228
What is the greatest common divisor of 1742 and 26?
26
What is the highest common divisor of 179 and 16?
1
Calculate the greatest common divisor of 2923 and 74.
37
What is the greatest common divisor of 189 and 84?
21
Calculate the greatest common divisor of 1236 and 120.
12
Calculate the highest common factor of 78 and 186.
6
Calculate the greatest common factor of 23 and 6394.
23
Calculate the greatest common divisor of 36 and 7836.
12
What is the highest common divisor of 2943 and 109?
109
Calculate the highest common factor of 3339 and 105.
21
Calculate the greatest common divisor of 20 and 380.
20
Calculate the greatest common factor of 36 and 34.
2
Calculate the highest common divisor of 56 and 21.
7
Calculate the highest common factor of 6 and 81.
3
What is the highest common divisor of 2 and 169?
1
Calculate the highest common divisor of 68 and 102.
34
Calculate the greatest common factor of 40 and 410.
10
Calculate the greatest common divisor of 84 and 408.
12
Calculate the greatest common divisor of 296 and 64.
8
Calculate the greatest common divisor of 2448 and 1008.
144
What is the greatest common factor of 140 and 1372?
28
What is the highest common divisor of 3556 and 224?
28
What is the greatest common divisor of 1786 and 94?
94
Calculate the greatest common divisor of 1391 and 767.
13
Calculate the greatest common divisor of 795 and 15.
15
Calculate the highest common divisor of 33390 and 945.
315
Calculate the greatest common divisor of 56 and 1708.
28
Calculate the greatest common divisor of 15275 and 39.
13
What is the greatest common factor of 297 and 2805?
33
Calculate the greatest common factor of 598 and 26.
26
What is the greatest common divisor of 520 and 1430?
130
What is the highest common factor of 793 and 13?
13
What is the highest common divisor of 7488 and 32?
32
Calculate the greatest common factor of 418 and 5346.
22
What is the highest common divisor of 30 and 8625?
15
What is the highest common divisor of 9 and 6084?
9
What is the greatest common divisor of 125 and 75?
25
What is the greatest common factor of 350 and 28?
14
Calculate the highest common factor of 86 and 817.
43
What is the highest common factor of 11 and 143?
11
What is the greatest common factor of 84 and 294?
42
Calculate the highest common divisor of 153 and 18.
9
Calculate the highest common factor of 6590 and 30.
10
Calculate the highest common factor of 221 and 187.
17
What is the highest common factor of 50 and 1025?
25
Calculate the greatest common divisor of 52 and 767.
13
Calculate the greatest common factor of 650 and 52.
26
Calculate the greatest common divisor of 8040 and 240.
120
Calculate the highest common factor of 147 and 36799.
49
What is the highest common divisor of 68 and 714?
34
Calculate the greatest common factor of 340 and 51.
17
What is the greatest common factor of 5481 and 2457?
189
What is the greatest common divisor of 319 and 22?
11
Calculate the highest common factor of 799 and 47.
47
What is the greatest common divisor of 16 and 752?
16
Calculate the greatest common factor of 8 and 24.
8
Calculate the highest common factor of 22 and 2827.
11
What is the greatest common divisor of 75 and 735?
15
Calculate the greatest common divisor of 765 and 180.
45
Calculate the greatest common factor of 24 and 12318.
6
What is the highest common divisor of 420 and 84?
84
Calculate the greatest common divisor of 177 and 6313.
59
Calculate the greatest common factor of 225 and 20565.
45
Calculate the highest common factor of 233 and 25.
1
What is the highest common factor of 12388 and 76?
76
Calculate the highest common factor of 12 and 35274.
6
Calculate the highest common factor of 22 and 550.
22
What is the greatest common factor of 98 and 48?
2
Calculate the highest common divisor of 8 and 488.
8
What is the greatest common divisor of 266 and 14?
14
Calculate the greatest common divisor of 19 and 4351.
19
Calculate the greatest common factor of 142 and 852.
142
Calculate the greatest common divisor of 444 and 156.
12
Calculate the highest common factor of 61 and 7503.
61
Calculate the highest common divisor of 266 and 42.
14
What is the greatest common factor of 9524 and 2?
2
What is the highest common divisor of 3450 and 150?
150
What is the greatest common divisor of 18 and 450?
18
What is the greatest common divisor of 48 and 2944?
16
Calculate the greatest common divisor of 9789 and 39.
39
What is the highest common factor of 6680 and 40?
40
What is the greatest common factor of 13 and 143?
13
What is the highest common divisor of 735 and 343?
49
What is the greatest common divisor of 1984 and 620?
124
What is the highest common factor of 39 and 741?
39
What is the greatest common factor of 155 and 29605?
155
Calculate the greatest common divisor of 5 and 395.
5
What is the highest common factor of 665 and 475?
95
What is the greatest common divisor of 7 and 623?
7
What is the greatest common divisor of 1088 and 512?
64
What is the greatest common factor of 52 and 14690?
26
Calculate the highest common factor of 1008 and 88.
8
What is the highest common divisor of 2310 and 140?
70
Calculate the highest common divisor of 728 and 35.
7
What is the highest common factor of 16 and 7792?
16
What is the highest common factor of 104 and 247?
13
Calculate the greatest common factor of 1525 and 25.
25
What is the highest common divisor of 20 and 370?
10
What is the highest common divisor of 3 and 47?
1
What is the highest common divisor of 129 and 9?
3
What is the greatest common factor of 112 and 496?
16
What is the highest common factor of 171 and 1503?
9
What is the greatest common divisor of 1960 and 98?
98
What is the highest common factor of 23 and 9706?
23
Calculate the highest common divisor of 6714 and 36.
18
Calculate the highest common factor of 35 and 385.
35
What is the highest common factor of 2288 and 48?
16
What is the highest common divisor of 144 and 9?
9
Calculate the greatest common factor of 220 and 1562.
22
What is the highest common divisor of 148 and 370?
74
What is the highest common factor of 378 and 42?
42
Calculate the greatest common divisor of 660 and 48.
12
What is the greatest common factor of 171 and 99?
9
Calculate the highest common factor of 1076 and 8.
4
What is the highest common divisor of 60 and 1356?
12
What is the highest common factor of 98 and 637?
49
What is the greatest common divisor of 1691 and 19?
19
What is the greatest common divisor of 1950 and 225?
75
What is the greatest common divisor of 51 and 255?
51
Calculate the greatest common divisor of 779 and 19.
19
What is the greatest common divisor of 39 and 15041?
13
What is the greatest common divisor of 63 and 21?
21
Calculate the highest common divisor of 16833 and 93.
93
What is the highest common divisor of 320 and 416?
32
What is the highest common divisor of 74 and 962?
74
What is the highest common divisor of 6972 and 84?
84
Calculate the greatest common divisor of 207 and 92.
23
Calculate the highest common factor of 517 and 141.
47
Calculate the highest common factor of 40 and 45.
5
What is the greatest common factor of 200 and 3300?
100
What is the highest common factor of 25 and 5305?
5
Calculate the highest common divisor of 59 and 531.
59
Calculate the greatest common divisor of 26 and 21541.
13
What is the greatest common divisor of 1300 and 100?
100
Calculate the greatest common divisor of 3317 and 93.
31
Calculate the greatest common factor of 602 and 172.
86
What is the greatest common factor of 242 and 187?
11
Calculate the highest common factor of 1926 and 5457.
321
What is the highest common divisor of 154 and 119?
7
What is the greatest common factor of 1950 and 78?
78
Calculat